
Let c(s) = s**3 + 8*s**2 + 7*s + 13. Let z be c(-7). Let r be 6*(-4 + z/2). Let p = r - 9. What are the prime factors of p?
2, 3
Suppose -z + 951 = -0*z. List the prime factors of z.
3, 317
Let q(a) = -2 + 3*a**2 - 4*a**2 - 13*a - 2. Let z(h) = -5*h**2 - 66*h - 19. Let f(i) = 11*q(i) - 2*z(i). List the prime factors of f(-6).
2, 3
Let g(o) = 66*o**2 - 7*o + 6. Let y be g(2). Suppose -2*k - 30 = -y. List the prime factors of k.
113
Let b(r) = -r**3 - 17*r**2 + 72*r + 376. What are the prime factors of b(-25)?
2, 3, 149
Let l(k) = -9*k**2 - 3*k - 1. Let m(h) = -19*h**2 - 6*h - 2. Let f(y) = -7*l(y) + 3*m(y). Let w(j) = -j + 3. Let n be w(5). What are the prime factors of f(n)?
19
Let c(b) = 305*b - 153. What are the prime factors of c(19)?
2, 7, 13, 31
Suppose 8*c = -2*c + 4810. What are the prime factors of c?
13, 37
Let u(a) = -a**2 + 5*a + 11. Let f be u(7). Let p(o) be the first derivative of -15*o**2/2 + 10*o - 12. List the prime factors of p(f).
5, 11
Let j(l) = l**3 + 9*l**2 - 14*l - 4. Let s be j(-6). Suppose -5*i = -623 + s. What are the prime factors of i?
3, 29
List the prime factors of ((-251)/(-2))/(((-396)/120)/(-33)).
5, 251
Suppose -3*o - 5*x + 1606 = 0, 0 = 2*x - 10. Let l = -228 + o. List the prime factors of l.
13, 23
Let l be (-2)/((-3)/(306/4)). Let u be (1/(1/(-3)))/((-2)/(-6)). Let w = l - u. List the prime factors of w.
2, 3, 5
Let v(k) = -52*k + 6. Let o be v(-1). Let l = o + 37. List the prime factors of l.
5, 19
Suppose 2392*y - 46404 = 2380*y. List the prime factors of y.
3, 1289
Let j = 1635 - 372. What are the prime factors of j?
3, 421
Suppose 2*q + q + 42 = 0. Let y be 116/q + 12/42. Let j = y - -17. List the prime factors of j.
3
Let q be 0/(12/(-4)) + 1. Let f be (-1*25)/(q + 0). Let o = f + 47. What are the prime factors of o?
2, 11
Let a be 16/(-40) + (-12)/(-5). Let w(g) = -3 - 2 + 4*g + a. What are the prime factors of w(7)?
5
Let t be 66/(-6) - (-1 - 2). Let g(y) = 3*y**2 + 9*y - 9. What are the prime factors of g(t)?
3, 37
Let r(k) = 6*k**3 + 17*k - 112. What are the prime factors of r(7)?
5, 7, 59
Let a(k) = -5*k**3 + 15*k + 8. Let q(d) = -d**3 - d**2 + d + 1. Let h(u) = -a(u) + 6*q(u). List the prime factors of h(-5).
2, 3
Suppose -10*v + 7992 = 2*v. List the prime factors of v.
2, 3, 37
Let n(b) = -4*b + 26. Let h be n(6). Let z(t) = 23*t**3 - 2*t**2 + t - 3. List the prime factors of z(h).
5, 7
Suppose -5*r + 12589 = 3*o, -r = -4*o + 8 - 2535. What are the prime factors of r?
11, 229
What are the prime factors of (-2)/(-6) - (-9 - 97572/18)?
2, 3, 5, 181
Let r be (-6)/(-14) + (-64)/(-14). Suppose r*o = o + 4. List the prime factors of 8*(-1)/((-2)/o).
2
Let g = 384 + -50. What are the prime factors of g?
2, 167
List the prime factors of 2*2/((-24)/(-1950)).
5, 13
Suppose 3*l - 8 - 1 = 0. What are the prime factors of (0 - -58)*1*l/6?
29
Let g = 87 - -214. Suppose 4*i - 427 = g. List the prime factors of i.
2, 7, 13
Suppose 0 = -3*r + 14 - 5. Suppose -r*m = 3, 4*w - 47 = m + 62. What are the prime factors of w?
3
Suppose 2*z = 0, -2*z + 5*z = -4*d + 5308. List the prime factors of d.
1327
Suppose 5*r + 3*g = -0*g + 212, 4*g = -2*r + 96. Suppose -f + 73 = -r. What are the prime factors of f?
113
Suppose 6*d = 10*d. Let f be 4 + -2 + d - -151. What are the prime factors of 4*(f/4)/3?
3, 17
Let u(n) = n**3 + 22*n**2 - 22*n - 39. List the prime factors of u(-22).
5, 89
Let i(o) = -o + 8. Let h be i(8). Let t(k) be the first derivative of 3*k**2/2 + 11*k + 71. List the prime factors of t(h).
11
Let h(r) = 2*r**2 + 3*r + 3. Let f = -17 - -13. What are the prime factors of h(f)?
23
Suppose 60 = -2*b + 16. Let y be 2/(-6) + (-742)/(-21). Let h = y + b. What are the prime factors of h?
13
Let c be 2/7 + 729/21. Suppose 153 = 5*s + 4*j, 3*j + 0*j = -s + c. Suppose -l - 5*p + 5 + 36 = 0, l + p - s = 0. List the prime factors of l.
2, 13
Suppose -9 = 5*q - 8*q, 5*y - 2*q = 1864. List the prime factors of y.
2, 11, 17
Suppose 0 = 5*p - 91 - 239. Suppose -p*w = -59*w - 406. What are the prime factors of w?
2, 29
List the prime factors of (-612)/(-85)*(-130)/(-3).
2, 3, 13
Let w(k) = -k**3 - 9*k**2 + 11. Suppose 2*s + 4 = -14. Let o be w(s). Let g = 21 - o. List the prime factors of g.
2, 5
Suppose -30*z + 40743 = -5097. What are the prime factors of z?
2, 191
Let w(g) = 5*g**3 + g**2 - 13*g + 28. Let j be w(8). What are the prime factors of j/22 - (-12)/66?
2, 29
Suppose -4*y = h - 18, -4*h - 3 = 2*y - 5. Suppose -3*c = -y*z - 7*c + 277, 100 = 2*z - 2*c. List the prime factors of z.
53
What are the prime factors of -6 + (-1 - -2 - (1 - 1691))?
5, 337
Let j = -26 - -12. Let v = -10 - j. Let r = v + 15. List the prime factors of r.
19
Suppose -10326 = -15*g + 1119. What are the prime factors of g?
7, 109
Suppose -4*u - 12 = -8*u - 4*q, -2*u - 4*q = -8. Suppose -4*r - 4*z = 16, z + z - 24 = u*r. Let x = r + 10. List the prime factors of x.
2
Let r be ((-4)/(-5))/((-2)/(-75)). What are the prime factors of (-45)/r*236/(-6)?
59
Let g(o) = 3*o**2 - o. Let x(w) = 4*w - 2. Let d be x(7). Let v = d - 27. What are the prime factors of g(v)?
2
Let c(p) = -15*p**3 - 3*p**2 - 49*p - 4. What are the prime factors of c(-5)?
13, 157
Suppose 2*u + 12 = 4*u - 4*c, -2*c = -5*u + 30. What are the prime factors of (882/24 + u/2)*4?
3, 53
Suppose 1106 + 558 = 2*t. List the prime factors of t.
2, 13
Suppose -3*p = -3*b, -4*b - 1 = -p - 10. Suppose b*a + 15 = 8*a, -233 = -4*u + 5*a. Suppose 0*k - u = -2*k. List the prime factors of k.
31
Suppose 8 = 3*x - 1. Suppose x*o + 145 = 31. Let k = 60 + o. What are the prime factors of k?
2, 11
Let x(b) = b**3 - 25*b**2 - 44*b - 25. What are the prime factors of x(28)?
3, 5, 73
Suppose -c + 5*c - c = 0. Suppose c = -2*n - 3*j + 222, 2*j = 2*n - 2*j - 222. List the prime factors of n.
3, 37
Let u(z) = -5*z - 5. Let q be u(-6). Let g = -66 + 72. Suppose 3*s - g = 0, -4*s + q = f - 13. List the prime factors of f.
2, 3, 5
Let s(l) = 3*l**2 - 16*l - 4. Let b(x) = x - 1. Let h(f) = 2*b(f) + s(f). What are the prime factors of h(7)?
43
List the prime factors of ((-3258)/(-9) - 4) + 6.
2, 7, 13
Let o(k) = -k**2 + 2*k + 2. Suppose 0 = -2*m - 4*u - 12, 4*m + 0*m - 2*u + 4 = 0. Let i be o(m). List the prime factors of 1*(-2)/(i/111).
37
Suppose -65 + 0 = -13*j. Suppose -6*o + 2*o + 2*f = -210, j*o + 4*f = 295. What are the prime factors of o?
5, 11
Let x(h) = -4 - 2 + 2 - 17*h + 1. List the prime factors of x(-2).
31
Let w(i) be the first derivative of i**4/4 + 8*i**3/3 + 3*i**2 + 12. List the prime factors of w(-5).
3, 5
Let n(h) = -3*h + 1. Let k be n(1). List the prime factors of 59 + (k - -4) + -2.
59
Suppose 0 = w + w - 4. Suppose w*h - 6 - 44 = 0. Suppose 3*d - 130 + h = 3*r, 4*d - 158 = -2*r. What are the prime factors of d?
2, 19
Let n be (9/(-2))/((-42)/(-56)). Let k(s) = s**3 + 7*s**2 + 6*s + 6. Let j be k(n). Suppose j = -p + 8. List the prime factors of p.
2
Let x be (-1 + 2/3)/(2/(-156)). Suppose 21*a = x*a - 1540. What are the prime factors of a?
2, 7, 11
Suppose 3*f - 7*f = -8. Suppose -5 = 5*x - 10*x, -3*s + f*x = -142. What are the prime factors of s?
2, 3
Suppose -4*t = 3*k - 0 + 1, -t + 17 = -5*k. Suppose 4*s - 4*z - 312 = 0, 5*s + t*z = -z + 366. Let v = 117 - s. What are the prime factors of v?
2, 3, 7
Suppose -5*m + 18695 = 5*c, 3*m - 3*c - 14965 = -3748. List the prime factors of m.
3739
Let y(t) = 9*t - 18. Let o = 10 - 3. Let x = o - -2. What are the prime factors of y(x)?
3, 7
Let t(d) = 2*d**2 - 17*d - 7. Let l be t(-5). Let f be -1 - (1 - (0 + -78)). Let b = l + f. List the prime factors of b.
2, 3
Let t(d) be the third derivative of -13*d**4/8 + d**3/2 + d**2. Let p be t(-3). Let o = -81 + p. List the prime factors of o.
3, 13
Let p(m) = 26*m**2 - 2*m + 1. Let u be p(1). Let i = 13 - u. What are the prime factors of (15/i)/(1/(-4))?
5
Let t be (-29948)/(-20) - 14/35. Suppose t = 8*h - 727. List the prime factors of h.
2, 139
Let i = -6 - -9. Suppose p + 4*f = -4*p + 150, -4*p - i*f + 119 = 0. Suppose -p = -z - z. List the prime factors of z.
13
Let n = 36 + -46. Let m = -5 - n. What are the prime factors of m?
5
What are the prime factors of ((5 - (-1015)/10) + 0)*2?
3, 71
Suppose i + 22 = -0*n + n, 88 = 4*n + i. Suppose 4*j + 2 = -n. What are the prime factors of 1*2/j*-33?